{"id":46,"date":"2021-03-27T17:53:29","date_gmt":"2021-03-27T17:53:29","guid":{"rendered":"https:\/\/latausplus.fi\/?page_id=46"},"modified":"2024-09-17T13:24:39","modified_gmt":"2024-09-17T13:24:39","slug":"lataus-partnereiden-lataus-teknikoiden-seka-paikallisten-asentajien-koulutus","status":"publish","type":"page","link":"https:\/\/latausplus.fi\/?page_id=46","title":{"rendered":"Koulutus"},"content":{"rendered":"\n<p><\/p>\n\n\n\n<p class=\"has-medium-font-size\"><strong>Koulutus<\/strong><\/p>\n\n\n\n<p><strong>Lataus+ Partnerit<\/strong><\/p>\n\n\n\n<p>Lataus+ Partnerit ovat latauslaitteiden omistajia tai haltijoita, jotka tarjoavat autoilijoille latauspalvelun. Heid\u00e4n ei kuitenkaan tarvitse kouluttautua latausj\u00e4rjestelmien suhteen tai edes v\u00e4litt\u00e4\u00e4 koko tekniikasta, koska tarvittaessa avustamme heit\u00e4. Mik\u00e4li he haluavat kuitenkin osata hiukan enemm\u00e4n, tarjoamme heille tarvittavan tiedon ja osaamisen, jotta laitteiden suomat mahdollisuudet osattaisi hy\u00f6dynt\u00e4\u00e4 oikein. Joskus s\u00e4hk\u00f6autoilijoilta voi tulla my\u00f6s kysymyksi\u00e4 laitteiden suhteen, joten olisi hyv\u00e4 jos n\u00e4ihinkin osattaisi vastata vaikka itse ei ajaisikaan s\u00e4hk\u00f6autolla.<\/p>\n\n\n\n<p>Lataus+ Partnereille on suuri merkitys sill\u00e4, ett\u00e4 he saavat paikallista palvelua ja tukea Lataus+ Teknikoilta sek\u00e4 my\u00f6s paikallisilta asentajilta.<\/p>\n\n\n\n<p><strong>Lataus+ Teknikot<\/strong><\/p>\n\n\n\n<p>Lataus+ Teknikot ovat koulutettuja henkil\u00f6it\u00e4, joilla on koulutus erityisesti Lataus+ laitteisiin. Lataus+ Teknikot kykenev\u00e4t suorittamaan itsen\u00e4isesti laitteiden huollot sek\u00e4 ratkaisemaan mahdolliset vikatapaukset. Mik\u00e4li tarpeen, he saavat my\u00f6s suoraa tukea meilt\u00e4 kaikkein kiperimmiss\u00e4 tapauksissa. P\u00e4\u00e4syvaatimuksena Lataus+ Teknikon koulutukseen on todennettavissa oleva s\u00e4hk\u00f6voima-alan koulutus.<\/p>\n\n\n\n<p><strong>Paikalliset asentajat<\/strong><\/p>\n\n\n\n<p>Opastamme ja koulutamme my\u00f6s tiettyihin teht\u00e4viin esimerkiksi paikallisia asentajia, jotka eiv\u00e4t syyst\u00e4 tai toisesta kouluttaudu Lataus+ Teknikoksi. T\u00e4m\u00e4 on helppo ja nopea tie avata uusia ovia s\u00e4hk\u00f6autoilun saralle.<\/p>\n","protected":false},"excerpt":{"rendered":"<p>Koulutus Lataus+ Partnerit Lataus+ Partnerit ovat latauslaitteiden omistajia tai haltijoita, jotka tarjoavat autoilijoille latauspalvelun. Heid\u00e4n ei kuitenkaan tarvitse kouluttautua latausj\u00e4rjestelmien suhteen tai edes v\u00e4litt\u00e4\u00e4 koko tekniikasta, koska tarvittaessa avustamme heit\u00e4. Mik\u00e4li he haluavat kuitenkin osata hiukan enemm\u00e4n, tarjoamme heille tarvittavan tiedon ja osaamisen, jotta laitteiden suomat mahdollisuudet osattaisi hy\u00f6dynt\u00e4\u00e4 oikein. Joskus s\u00e4hk\u00f6autoilijoilta voi tulla my\u00f6s [&hellip;]<\/p>\n","protected":false},"author":1,"featured_media":0,"parent":35,"menu_order":0,"comment_status":"closed","ping_status":"closed","template":"","meta":{"zakra_page_container_layout":"customizer","zakra_page_sidebar_layout":"customizer","zakra_remove_content_margin":false,"zakra_sidebar":"customizer","zakra_transparent_header":"customizer","zakra_logo":0,"zakra_main_header_style":"default","zakra_menu_item_color":"","zakra_menu_item_hover_color":"","zakra_menu_item_active_color":"","zakra_menu_active_style":"","zakra_page_header":true,"footnotes":""},"class_list":["post-46","page","type-page","status-publish","hentry"],"_links":{"self":[{"href":"https:\/\/latausplus.fi\/index.php?rest_route=\/wp\/v2\/pages\/46","targetHints":{"allow":["GET"]}}],"collection":[{"href":"https:\/\/latausplus.fi\/index.php?rest_route=\/wp\/v2\/pages"}],"about":[{"href":"https:\/\/latausplus.fi\/index.php?rest_route=\/wp\/v2\/types\/page"}],"author":[{"embeddable":true,"href":"https:\/\/latausplus.fi\/index.php?rest_route=\/wp\/v2\/users\/1"}],"replies":[{"embeddable":true,"href":"https:\/\/latausplus.fi\/index.php?rest_route=%2Fwp%2Fv2%2Fcomments&post=46"}],"version-history":[{"count":5,"href":"https:\/\/latausplus.fi\/index.php?rest_route=\/wp\/v2\/pages\/46\/revisions"}],"predecessor-version":[{"id":536,"href":"https:\/\/latausplus.fi\/index.php?rest_route=\/wp\/v2\/pages\/46\/revisions\/536"}],"up":[{"embeddable":true,"href":"https:\/\/latausplus.fi\/index.php?rest_route=\/wp\/v2\/pages\/35"}],"wp:attachment":[{"href":"https:\/\/latausplus.fi\/index.php?rest_route=%2Fwp%2Fv2%2Fmedia&parent=46"}],"curies":[{"name":"wp","href":"https:\/\/api.w.org\/{rel}","templated":true}]}}